{"id":376,"date":"2019-04-02T10:03:22","date_gmt":"2019-04-02T10:03:22","guid":{"rendered":"http:\/\/abdullahkoc.com.tr\/?post_type=product&#038;p=376"},"modified":"2022-12-16T07:00:28","modified_gmt":"2022-12-16T07:00:28","slug":"zirve-yazilim-on-muhasebe-egitim-seti","status":"publish","type":"product","link":"http:\/\/abdullahkoc.com.tr\/index.php\/urun\/zirve-yazilim-on-muhasebe-egitim-seti\/","title":{"rendered":"Zirve Yaz\u0131l\u0131m \u00d6n Muhasebe E\u011fitim Seti"},"content":{"rendered":"<h1>Zirve Yaz\u0131l\u0131m \u00d6n Muhasebe E\u011fitim Seti<\/h1>\n<h2>KONULAR<\/h2>\n<p>Zirve Yaz\u0131l\u0131m Giri\u015f<\/p>\n<h4>\u015e\u0130RKET (F\u0130RMA) \u0130\u015eLEMLER\u0130<\/h4>\n<p>Firma (\u015eirket) A\u00e7ma<\/p>\n<p>\u015eirket Bilgileri D\u00fczenleme<\/p>\n<p>\u015eirket \u00dczerinde Yap\u0131lan De\u011fi\u015fikliklerin Kaydedilmesi<\/p>\n<p>\u015eirketlerde \u015eube Olu\u015fturma<\/p>\n<h4>STOK B\u00d6L\u00dcM\u00dc<\/h4>\n<p>Stok Kart\u0131 A\u00e7ma<\/p>\n<p>Hareket g\u00f6rmeyen Stok Kart\u0131n\u0131 Silme<\/p>\n<p>Stok \u00d6zel Kod veya Grup kodlar\u0131 kullanma<\/p>\n<p>Stok raporlar\u0131<\/p>\n<h4>CAR\u0130 \u0130\u015eLEMLER\u0130<\/h4>\n<p>Yeni cari (m\u00fc\u015fteri) Ekleme tan\u0131mlama,<\/p>\n<p>Cari Kart tipleri (Al\u0131c\u0131, Sat\u0131c\u0131, Personel<\/p>\n<p>\u0130deal raporlama i\u00e7in Cari Kod yap\u0131s\u0131 olu\u015fturma<\/p>\n<p>M\u00fc\u015fteri (Cari) bilgilerini d\u00fczenleme<\/p>\n<p>Hareket G\u00f6rmeyen ve Hareket G\u00f6ren Cari silme<\/p>\n<p>Cari detay bilgileri (Di\u011fer bilgiler, \u015eube, Banka, Notlar, risk tan\u0131mlama, karta \u00f6zel dosya ekleme vb)<\/p>\n<h4>FATURA \u0130\u015eLEMLER<\/h4>\n<h5>Al\u0131\u015f faturalar\u0131<\/h5>\n<h5>Sat\u0131\u015f Faturalar\u0131<\/h5>\n","protected":false},"excerpt":{"rendered":"<p>Stok-Cari-Fatura-\u00c7ek\/Senet-Kasa-Banka-Gider\/Gelir-<\/p>\n<p>Kargor Dahil de\u011fildir.<\/p>\n","protected":false},"featured_media":377,"comment_status":"open","ping_status":"closed","template":"","meta":{"jetpack_post_was_ever_published":false,"jetpack_publicize_message":"","jetpack_publicize_feature_enabled":true,"jetpack_social_post_already_shared":true,"jetpack_social_options":{"image_generator_settings":{"template":"highway","default_image_id":0,"enabled":false},"version":2}},"product_brand":[],"product_cat":[96],"product_tag":[],"class_list":{"0":"post-376","1":"product","2":"type-product","3":"status-publish","4":"has-post-thumbnail","6":"product_cat-egitim-setleri","8":"first","9":"instock","10":"sale","11":"shipping-taxable","12":"purchasable","13":"product-type-simple"},"jetpack_publicize_connections":[],"jetpack_sharing_enabled":true,"jetpack_likes_enabled":true,"jetpack-related-posts":[],"_links":{"self":[{"href":"http:\/\/abdullahkoc.com.tr\/index.php\/wp-json\/wp\/v2\/product\/376","targetHints":{"allow":["GET"]}}],"collection":[{"href":"http:\/\/abdullahkoc.com.tr\/index.php\/wp-json\/wp\/v2\/product"}],"about":[{"href":"http:\/\/abdullahkoc.com.tr\/index.php\/wp-json\/wp\/v2\/types\/product"}],"replies":[{"embeddable":true,"href":"http:\/\/abdullahkoc.com.tr\/index.php\/wp-json\/wp\/v2\/comments?post=376"}],"wp:featuredmedia":[{"embeddable":true,"href":"http:\/\/abdullahkoc.com.tr\/index.php\/wp-json\/wp\/v2\/media\/377"}],"wp:attachment":[{"href":"http:\/\/abdullahkoc.com.tr\/index.php\/wp-json\/wp\/v2\/media?parent=376"}],"wp:term":[{"taxonomy":"product_brand","embeddable":true,"href":"http:\/\/abdullahkoc.com.tr\/index.php\/wp-json\/wp\/v2\/product_brand?post=376"},{"taxonomy":"product_cat","embeddable":true,"href":"http:\/\/abdullahkoc.com.tr\/index.php\/wp-json\/wp\/v2\/product_cat?post=376"},{"taxonomy":"product_tag","embeddable":true,"href":"http:\/\/abdullahkoc.com.tr\/index.php\/wp-json\/wp\/v2\/product_tag?post=376"}],"curies":[{"name":"wp","href":"https:\/\/api.w.org\/{rel}","templated":true}]}}